*v. List the prime factors of v.
2, 31
Let j be -1 - -1 - (2 + -3). List the prime factors of -2*(15/(-6) + j).
3
Suppose 4 = 2*s + 2*s. Suppose u + 2 = s. Let d = 4 + u. What are the prime factors of d?
3
Let y be 0/(-1) - 2*1. Suppose 17 = 8*p + 1. What are the prime factors of (15 - y) + p - 2?
17
Let h(a) = a**2 + 11*a + 41. What are the prime factors of h(-11)?
41
Let x(a) = -a**3 - 11*a**2 - 10*a + 14. List the prime factors of x(-10).
2, 7
Let w = -52 + 21. Let d = w - -53. List the prime factors of d.
2, 11
Suppose 0*i - i = 3*c + 35, -2*c - 21 = 3*i. Let y be 1/(-2) - c/8. List the prime factors of 2*y - (-4 + 2).
2
Suppose -k + 24 = 5*z, -4*k - 2*z + 96 = z. Suppose -12 = -2*d - 4. Suppose -4*y + 13 = -2*j - 35, k = 4*y + d*j. List the prime factors of y.
2, 5
Suppose -i + 1 = 0, 3*m + 4*i - 13 = -0*m. Suppose 33 = 4*y - m. List the prime factors of y.
3
Let k(m) = m**2 + 13*m - 9. Let p be k(-10). List the prime factors of (2/3)/((-13)/p).
2
Suppose 2*u + 3 = 11. Let b = 6 + -4. Suppose 2 = 2*f - b*i + 4*i, -8 = 2*f + u*i. List the prime factors of f.
2, 3
Suppose y = -4 + 5, 3 = c - 3*y. List the prime factors of (c/(-5))/(3/(-15)).
2, 3
Suppose 3*l - 3*q = -195, 4*q + 40 = -0*l - l. Let z = -23 - l. List the prime factors of z.
37
Suppose 5*p + 6 = -279. Let b = 83 + p. List the prime factors of b.
2, 13
Let k(b) = -b**2 + 5. Let w be k(0). Suppose 7*c - w*c = 0. Suppose c*u = 3*u - 30. List the prime factors of u.
2, 5
Suppose -263 = -6*u + 247. What are the prime factors of u?
5, 17
Let o be 16*1/6*3. Suppose o = 2*u - 4. List the prime factors of u.
2, 3
Let x(i) = i + 7. Let l be x(-6). Let v = 1 - l. Suppose v = -5*s + 75 - 15. List the prime factors of s.
2, 3
Suppose g = 3 + 7. What are the prime factors of g?
2, 5
Let v(b) = 4*b**2 - b + 1. Let w be v(1). Suppose -2*f = 3*j - 41 - 9, 4*j - w*f - 80 = 0. Suppose 2*x = q, -x = 3*q + q - j. What are the prime factors of x?
2
Let h = -15 + 19. Suppose -2*v = -y + 7 - 0, 91 = 5*y + h*v. List the prime factors of y.
3, 5
Let o(s) = -25*s**3 + s**2 + s. Let n(b) = b**2 - 4*b + 2. Let a be n(3). List the prime factors of o(a).
5
What are the prime factors of (-69)/(-9) - 4/6?
7
Suppose 4*t - x + 1 = 0, 5*t - 5 = -2*x - 3*x. Suppose -4*c + 3*g = -17, 3*c + t*g - 2*g - 13 = 0. Suppose 59 = c*n + 9. List the prime factors of n.
2, 5
Let m = 4 - 1. Suppose -5*i - m*l + 90 = 0, 3*l - 10 - 8 = -i. What are the prime factors of i?
2, 3
Suppose -31*i = -34*i + 159. List the prime factors of i.
53
Let f(i) be the third derivative of -7*i**4/8 + i**3/2 - 4*i**2. Let q be f(-3). What are the prime factors of 1/(-4) - q/(-8)?
2
Let a be (1*-2)/2 + 1. Suppose 4*j - 4*k = a, -4*k + 0*k - 4 = -5*j. What are the prime factors of j?
2
Let m(s) = s**3 - 9*s**2 + 8*s + 4. Let n be m(8). Suppose 2*z - 60 = -n*t + z, -5*z = -3*t + 68. What are the prime factors of t?
2
Let z(s) = s**2 + s + 2. Let m be z(-2). Let v(o) = -o**2 + 3*o - 2. Let p be v(1). Suppose -h - m*h + 45 = p. List the prime factors of h.
3
Let y(m) = m**2 + 5*m - 1. Let v be y(-3). Let b be (-2)/v + 264/7. Let p = b - 27. What are the prime factors of p?
11
Let b(n) = -n**2 + 8*n - 3. Let r be b(5). Suppose q = 1 + r. List the prime factors of q.
13
Suppose -5*v + 1566 - 206 = 0. What are the prime factors of v?
2, 17
What are the prime factors of 294 + 1 + 5*21/(-35)?
2, 73
Let w(q) = 18*q**2 + q - 2. What are the prime factors of w(2)?
2, 3
Suppose 51 = -3*k + 531. What are the prime factors of k?
2, 5
Let d(k) = -k**2 - k + 10. Suppose 14 = -v + 4*q, 9*v = 4*v - q - 7. Let x = v - -2. List the prime factors of d(x).
2, 5
Suppose -2*m - 28 = -3*p, 0*p + p - 4*m + 4 = 0. Suppose -20 = 4*k - t, -5*t + 16 = -t. Let l = k + p. List the prime factors of l.
2
Suppose 0 = -2*n + 7*n - 235. Suppose -2*q + 4*q + s = n, -3*q = -2*s - 53. What are the prime factors of q?
3, 7
Let y = -59 - -145. What are the prime factors of y?
2, 43
Suppose -2*c + 3 = -5. Let u(g) = 6*g - 3. List the prime factors of u(c).
3, 7
Let p be 29 + 1 + (-2)/2. Suppose 26 = 5*s - p. List the prime factors of s.
11
Let j(z) = -z + 3. Let n = 9 + -18. Let x be j(n). Let g = x - 2. List the prime factors of g.
2, 5
Let m be 2/10 - (-116)/20. Let o = m + -1. Suppose -o*z = -3*v - z - 5, v = z. List the prime factors of v.
5
Let x = -5 + 7. Suppose x*s - 4*d - 44 = 0, d + d = -s + 26. What are the prime factors of s?
2, 3
Suppose 5 + 55 = 3*k. Suppose -5*d - j + 17 + 3 = 0, -5*d = -5*j - k. What are the prime factors of d?
2
Suppose 0 = -5*k + 15, -3*t + 0*t = 5*k - 15. Suppose -2*h + 16 = -t. List the prime factors of h.
2
Let h(o) = -5*o**3 - 5*o**2 + o + 4. What are the prime factors of h(-4)?
2, 3, 5
Let x be ((-94)/4)/(1/(-2)). What are the prime factors of x/7 + 14/49?
7
Suppose -4*w + 3*v + 11 = 0, 4*v = w + 3*w - 16. List the prime factors of w - 12/(1 + -5).
2
Let p(y) = -y**2 - 24*y - 11. List the prime factors of p(-16).
3, 13
Let s(j) = -j**2 - 3*j + 5. Let f be s(-5). Let h = -5 - f. Suppose h = -0*l + l - 4. What are the prime factors of l?
2
Let t(j) = -j**2 + j + 2. Let x be t(0). Suppose 0 = -x*q + q. Suppose 0*w + w = -4*k + 28, q = 4*w + 3*k - 47. List the prime factors of w.
2
Let c be -2 + 0 + 3 - -1. Let d be (-3)/(3/c) - -1. List the prime factors of d/(-1) - 1 - -12.
2, 3
Suppose 4*u = 2*u + 132. What are the prime factors of u?
2, 3, 11
Let k = -757 - -1071. What are the prime factors of k?
2, 157
Suppose -3*p = -2*p - 9. Let o = p - 6. List the prime factors of o.
3
Let o(r) = r**3 - 7*r**2 + 10. Suppose 0 - 12 = -2*x. Let l(q) = q + 1. Let f be l(x). What are the prime factors of o(f)?
2, 5
Let o(f) = -3*f - 2*f + 4*f + f**3 + 6*f - 5*f**2 + 3. What are the prime factors of o(4)?
7
Let y(g) = 10*g + 4. Let v be y(-7). Let a = -18 - v. What are the prime factors of a?
2, 3
Let s be ((-10)/3)/((-2)/3). Suppose 6 = 3*q + 3. Let h = s - q. What are the prime factors of h?
2
Let u(j) = 2*j**2 - 12*j + 6. Let d(q) = -q**2 + 6*q - 3. Let y(i) = 13*d(i) + 6*u(i). Let k be y(2). List the prime factors of (2/(-3))/(k/(-30)).
2
Let x = 6 - 6. Suppose -5*w - 4*p = -27, x = 5*w + 3*p - 24 - 0. Suppose 5*t = -5*s + 50, -2*s = -w*t + 2*t - 14. What are the prime factors of s?
2
Let p(x) = -15*x - 20. List the prime factors of p(-5).
5, 11
Let z(b) = 5*b - 12. Let y(f) = -f. Let o(l) = 6*y(l) + z(l). Let a be o(-8). What are the prime factors of a/(2*1/(-6))?
2, 3
What are the prime factors of 2 + (-168)/(-2) + 1 + -3?
2, 3, 7
Suppose 5*h = 3*h + 10. Suppose i + 17 = -3*g - 10, -h*i + g = 55. Let v = i + 28. What are the prime factors of v?
2
Suppose 47*q = 50*q - 381. What are the prime factors of q?
127
Let s = -15 - -9. Let l = s - -14. What are the prime factors of l?
2
Suppose -3*m + 8 = -1. Suppose -2*j - m*j = -160. Suppose 0 = f + 3*f - j. What are the prime factors of f?
2
Let b = -17 - -15. What are the prime factors of 1/b - 610/(-20)?
2, 3, 5
Suppose 0 = -4*b - 5*b + 225. What are the prime factors of b?
5
Suppose 2 = -5*m + 5*l + 7, -m - 3 = -5*l. Suppose p + 2*s + 17 = 0, 3*s - 10 = m*p - s. Let v = 19 + p. List the prime factors of v.
2
Let c be (-1)/((9/6)/(-3)). Let k be 21/c*4/3. Suppose p - 5*t = -0*p + k, -p - 2*t = 0. List the prime factors of p.
2
Suppose w - 5*w - 3*n + 32 = 0, 3*w - 2*n = 41. Suppose 15 + w = s. What are the prime factors of s?
2, 13
Suppose 3*j - 9 = 18. Suppose -w = -4*w - j. List the prime factors of -15*(-1 + w + 3).
3, 5
Let m(x) = -x**3 - x + 60. Let i be m(0). Let k = 1 - 1. Suppose k*u = 4*u - i. What are the prime factors of u?
3, 5
Suppose 0*q = -3*q + 4*l + 32, 25 = -5*l. Suppose -4 = -2*b, -q*a + 109 = 3*b + 35. What are the prime factors of a?
17
Let l = -79 + 131. What are the prime factors of l?
2, 13
Suppose -2*h + 113 = -s, 0*s + s = -1. List the prime factors of h.
2, 7
Let k be -38 + (-2)/4*0. Let m = -22 - k. Suppose -8*c + m = -4*c. What are the prime factors of c?
2
What are the prime factors of 0 + 2 - (0 + 0)?
2
Suppose -3*i - 2*i = -20. Suppose -15 = -i*q + 9. Let l(t) = -t**3 + 5*t**2 + 6*t + 7. What are the prime factors of l(q)?
7
Let w(g) = -g**3 + 10*g**2 - 8*g - 6. Let l be 3/12 - (-38)/8. Suppose l*y - 5*k = 50, -4*k + 3 = 2*y - 11. What are the prime factors of w(y)?
3
Suppose 3*h 